{"id":4347,"date":"2024-05-14T00:20:05","date_gmt":"2024-05-14T00:20:05","guid":{"rendered":"https:\/\/www.loyola.ideasdistintas.com\/?page_id=4343"},"modified":"2025-10-17T21:06:11","modified_gmt":"2025-10-17T21:06:11","slug":"admisiones-preparatoria","status":"publish","type":"page","link":"https:\/\/www.loyola.edu.mx\/?page_id=4347","title":{"rendered":"Admisiones Preparatoria"},"content":{"rendered":"\t\t<div data-elementor-type=\"wp-page\" data-elementor-id=\"4347\" class=\"elementor elementor-4347\">\n\t\t\t\t<div class=\"elementor-element elementor-element-ed9cb34 e-con-full e-flex e-con e-parent\" data-id=\"ed9cb34\" data-element_type=\"container\" data-e-type=\"container\">\n\t\t\t\t<div class=\"elementor-element elementor-element-da65e2e elementor-widget elementor-widget-image\" data-id=\"da65e2e\" data-element_type=\"widget\" data-e-type=\"widget\" data-widget_type=\"image.default\">\n\t\t\t\t<div class=\"elementor-widget-container\">\n\t\t\t\t\t\t\t\t\t\t\t\t\t\t\t<img fetchpriority=\"high\" decoding=\"async\" width=\"1969\" height=\"699\" src=\"https:\/\/www.loyola.edu.mx\/wp-content\/uploads\/2025\/01\/Banner-Admisiones-Prepa.jpg\" class=\"attachment-full size-full wp-image-7121\" alt=\"\" srcset=\"https:\/\/www.loyola.edu.mx\/wp-content\/uploads\/2025\/01\/Banner-Admisiones-Prepa.jpg 1969w, https:\/\/www.loyola.edu.mx\/wp-content\/uploads\/2025\/01\/Banner-Admisiones-Prepa-300x107.jpg 300w, https:\/\/www.loyola.edu.mx\/wp-content\/uploads\/2025\/01\/Banner-Admisiones-Prepa-1024x364.jpg 1024w, https:\/\/www.loyola.edu.mx\/wp-content\/uploads\/2025\/01\/Banner-Admisiones-Prepa-768x273.jpg 768w, https:\/\/www.loyola.edu.mx\/wp-content\/uploads\/2025\/01\/Banner-Admisiones-Prepa-1536x545.jpg 1536w\" sizes=\"(max-width: 1969px) 100vw, 1969px\" \/>\t\t\t\t\t\t\t\t\t\t\t\t\t\t\t<\/div>\n\t\t\t\t<\/div>\n\t\t\t\t<\/div>\n\t\t<div class=\"elementor-element elementor-element-3466dfd7 e-flex e-con-boxed e-con e-parent\" data-id=\"3466dfd7\" data-element_type=\"container\" data-e-type=\"container\">\n\t\t\t\t\t<div class=\"e-con-inner\">\n\t\t<div class=\"elementor-element elementor-element-c81c439 e-con-full e-flex e-con e-child\" data-id=\"c81c439\" data-element_type=\"container\" data-e-type=\"container\">\n\t\t\t\t<div class=\"elementor-element elementor-element-9a78da0 elementor-widget elementor-widget-edupls_title\" data-id=\"9a78da0\" data-element_type=\"widget\" data-e-type=\"widget\" data-widget_type=\"edupls_title.default\">\n\t\t\t\t<div class=\"elementor-widget-container\">\n\t\t\t\t\t <div class=\"container\">\n        <div class=\"edupls-section-title-wrapper\">\n            <div class=\"edupls-section-title-content position-relative\">\n                                                    <h2 class=\"edupls-section-title\">\n                        <h3>Conoce nuestro\u00a0proceso de admisi\u00f3n a la Prepa Loyola<\/h3>                    <\/h2>\n                \n                            <\/div>\n        <\/div>\n        <\/div>\n\t\t\t\t<\/div>\n\t\t\t\t<\/div>\n\t\t\t\t<\/div>\n\t\t\t\t\t<\/div>\n\t\t\t\t<\/div>\n\t\t<div class=\"elementor-element elementor-element-5bf3c3b e-flex e-con-boxed e-con e-parent\" data-id=\"5bf3c3b\" data-element_type=\"container\" data-e-type=\"container\">\n\t\t\t\t\t<div class=\"e-con-inner\">\n\t\t\t\t<div class=\"elementor-element elementor-element-4b79299 elementor-widget elementor-widget-accordion\" data-id=\"4b79299\" data-element_type=\"widget\" data-e-type=\"widget\" data-widget_type=\"accordion.default\">\n\t\t\t\t<div class=\"elementor-widget-container\">\n\t\t\t\t\t\t\t<div class=\"elementor-accordion\">\n\t\t\t\t\t\t\t<div class=\"elementor-accordion-item\">\n\t\t\t\t\t<div id=\"elementor-tab-title-7911\" class=\"elementor-tab-title\" data-tab=\"1\" role=\"button\" aria-controls=\"elementor-tab-content-7911\" aria-expanded=\"false\">\n\t\t\t\t\t\t\t\t\t\t\t\t<a class=\"elementor-accordion-title\" tabindex=\"0\">1. Tr\u00e1mite de admisi\u00f3n<\/a>\n\t\t\t\t\t<\/div>\n\t\t\t\t\t<div id=\"elementor-tab-content-7911\" class=\"elementor-tab-content elementor-clearfix\" data-tab=\"1\" role=\"region\" aria-labelledby=\"elementor-tab-title-7911\"><p>Para ingreso a Preparatoria aplicamos un examen de admisi\u00f3n que consta de las siguientes pruebas:<\/p><ul><li>Prueba de Conocimientos, se aplica de manera presencial, y eval\u00faa las materias de:<\/li><li>Primer semestre: espa\u00f1ol, matem\u00e1ticas y qu\u00edmica.<\/li><li>Tercer semestre: espa\u00f1ol y matem\u00e1ticas.<\/li><li>Prueba Psicom\u00e9trica y colocaci\u00f3n de ingl\u00e9s, se aplica en l\u00ednea.<\/li><\/ul><p>Consideraciones para el tr\u00e1mite de ficha:<\/p><ul><li>Primer semestre: Contar con un promedio general m\u00ednimo de 8.0 en la secundaria. Se considerar\u00e1n las calificaciones obtenidas desde el primer a\u00f1o de secundaria y hasta el periodo de evaluaci\u00f3n m\u00e1s reciente del tercer a\u00f1o de secundaria.<\/li><li>Tercer semestre: Contar con un promedio general m\u00ednimo de 8.0 en el primer a\u00f1o de Preparatoria.<\/li><li>Para presentar el examen, la o el aspirante no deber\u00e1 tener m\u00e1s de dos materias reprobadas.<p>En los siguientes pasos descubre como registrarte para aplicar los ex\u00e1menes.<\/p><\/li><\/ul><\/div>\n\t\t\t\t<\/div>\n\t\t\t\t\t\t\t<div class=\"elementor-accordion-item\">\n\t\t\t\t\t<div id=\"elementor-tab-title-7912\" class=\"elementor-tab-title\" data-tab=\"2\" role=\"button\" aria-controls=\"elementor-tab-content-7912\" aria-expanded=\"false\">\n\t\t\t\t\t\t\t\t\t\t\t\t<a class=\"elementor-accordion-title\" tabindex=\"0\">2. Registro<\/a>\n\t\t\t\t\t<\/div>\n\t\t\t\t\t<div id=\"elementor-tab-content-7912\" class=\"elementor-tab-content elementor-clearfix\" data-tab=\"2\" role=\"region\" aria-labelledby=\"elementor-tab-title-7912\"><p>Para realizar tu registro y aplicar el examen de ingreso, favor de consultar la informaci\u00f3n en los siguientes enlaces, de acuerdo al semestre escolar al que se desee ingresar:<\/p><ul><li>Primer semestre\u00a0<a href=\"https:\/\/app.getguru.com\/card\/TrLoGR9c\/ADM-Prepa-Primer-semestre-Proceso-de-Admisin-Trmite-de-Ficha-en-Lnea-\" target=\"_blank\" rel=\"noopener\"><strong>(Consulta aqu\u00ed)<\/strong><\/a><\/li><li>Tercer semestre\u00a0<a href=\"https:\/\/app.getguru.com\/card\/iK4pyg4T\/ADM-Prepa-Tercer-semestre-Proceso-de-Admisin-Trmite-de-Ficha-en-Lnea\" target=\"_blank\" rel=\"noopener\"><strong>(Consulta aqu\u00ed)<\/strong><\/a><\/li><\/ul><p>Una vez que recibamos tus documentos te haremos llegar por correo electr\u00f3nico el enlace para tu registro y opciones de fecha de examen.<\/p><\/div>\n\t\t\t\t<\/div>\n\t\t\t\t\t\t\t<div class=\"elementor-accordion-item\">\n\t\t\t\t\t<div id=\"elementor-tab-title-7913\" class=\"elementor-tab-title\" data-tab=\"3\" role=\"button\" aria-controls=\"elementor-tab-content-7913\" aria-expanded=\"false\">\n\t\t\t\t\t\t\t\t\t\t\t\t<a class=\"elementor-accordion-title\" tabindex=\"0\">3. Aplicaci\u00f3n de examen de admisi\u00f3n<\/a>\n\t\t\t\t\t<\/div>\n\t\t\t\t\t<div id=\"elementor-tab-content-7913\" class=\"elementor-tab-content elementor-clearfix\" data-tab=\"3\" role=\"region\" aria-labelledby=\"elementor-tab-title-7913\"><p><span style=\"font-size: 18pt;\"><strong>Fechas de examen de admisi\u00f3n para ingreso al ciclo escolar 2026-2027<\/strong><\/span><\/p><ul><li>5 y 6 de febrero<\/li><li>5 y 6 de marzo (beca m\u00e9rito)<\/li><li>16 y 17 de abril<\/li><li>14 y 15 de mayo<\/li><\/ul><\/div>\n\t\t\t\t<\/div>\n\t\t\t\t\t\t\t<div class=\"elementor-accordion-item\">\n\t\t\t\t\t<div id=\"elementor-tab-title-7914\" class=\"elementor-tab-title\" data-tab=\"4\" role=\"button\" aria-controls=\"elementor-tab-content-7914\" aria-expanded=\"false\">\n\t\t\t\t\t\t\t\t\t\t\t\t<a class=\"elementor-accordion-title\" tabindex=\"0\">4. Entrega de resultados y entrevista<\/a>\n\t\t\t\t\t<\/div>\n\t\t\t\t\t<div id=\"elementor-tab-content-7914\" class=\"elementor-tab-content elementor-clearfix\" data-tab=\"4\" role=\"region\" aria-labelledby=\"elementor-tab-title-7914\"><p><strong>Entrega de resultados.<\/strong><\/p><ul><li>Los resultados se dar\u00e1n a conocer aproximadamente 15 d\u00edas despu\u00e9s de la aplicaci\u00f3n del examen. S\u00e9 paciente.<\/li><li>La Coordinaci\u00f3n de Admisiones se pondr\u00e1 en contacto con las madres, padres y\/o tutores v\u00eda telef\u00f3nica, para informarles el dictamen de su examen.<\/li><li>La decisi\u00f3n del Comit\u00e9 de Admisi\u00f3n ser\u00e1 INAPELABLE.<\/li><\/ul><p>\u00a0<strong>Entrevista de resultados.<\/strong><\/p><p>Una vez notificado el dictamen y en caso de ser favorable, se realizar\u00e1 una entrevista con el objetivo de dar a conocer los resultados obtenidos en el examen de admisi\u00f3n, y en su caso, informar las \u00e1reas de oportunidad para regularizaci\u00f3n.<\/p><ul><li>La Coordinaci\u00f3n de Admisiones se comunicar\u00e1 v\u00eda telef\u00f3nica con las madres, padres y\/o tutores de la o el aspirante y les asignar\u00e1 la fecha y horario de la entrevista.<\/li><li>A la entrevista de resultados deber\u00e1 asistir la o el aspirante en compa\u00f1\u00eda de su madre, padre o tutor\/a.<\/li><\/ul><\/div>\n\t\t\t\t<\/div>\n\t\t\t\t\t\t\t<div class=\"elementor-accordion-item\">\n\t\t\t\t\t<div id=\"elementor-tab-title-7915\" class=\"elementor-tab-title\" data-tab=\"5\" role=\"button\" aria-controls=\"elementor-tab-content-7915\" aria-expanded=\"false\">\n\t\t\t\t\t\t\t\t\t\t\t\t<a class=\"elementor-accordion-title\" tabindex=\"0\">5. Proceso de inscripci\u00f3n<\/a>\n\t\t\t\t\t<\/div>\n\t\t\t\t\t<div id=\"elementor-tab-content-7915\" class=\"elementor-tab-content elementor-clearfix\" data-tab=\"5\" role=\"region\" aria-labelledby=\"elementor-tab-title-7915\"><p><strong>Requisitos:<\/strong><\/p><ul><li>Haber sido Admitido o Admitido condicionado en el examen de admisi\u00f3n.<\/li><li>Haber atendido la entrevista de resultados as\u00ed como firmar las cartas compromiso que determine la Coordinaci\u00f3n Acad\u00e9mica de Preparatoria.<\/li><\/ul><p><strong><em>*Al finalizar la entrevista de resultados, se le entregar\u00e1 la referencia para el pago correspondiente de la inscripci\u00f3n.<\/em><\/strong><\/p><\/div>\n\t\t\t\t<\/div>\n\t\t\t\t\t\t\t\t<\/div>\n\t\t\t\t\t\t<\/div>\n\t\t\t\t<\/div>\n\t\t\t\t\t<\/div>\n\t\t\t\t<\/div>\n\t\t<div class=\"elementor-element elementor-element-9e04eb8 e-flex e-con-boxed e-con e-parent\" data-id=\"9e04eb8\" data-element_type=\"container\" data-e-type=\"container\">\n\t\t\t\t\t<div class=\"e-con-inner\">\n\t\t<div class=\"elementor-element elementor-element-dc26a77 e-grid e-con-full e-con e-child\" data-id=\"dc26a77\" data-element_type=\"container\" data-e-type=\"container\">\n\t\t\t\t<div class=\"elementor-element elementor-element-b6cec8d elementor-widget elementor-widget-text-editor\" data-id=\"b6cec8d\" data-element_type=\"widget\" data-e-type=\"widget\" data-widget_type=\"text-editor.default\">\n\t\t\t\t<div class=\"elementor-widget-container\">\n\t\t\t\t\t\t\t\t\t<p style=\"text-align: center;\">Revisa la <a href=\"https:\/\/www.loyola.edu.mx\/?page_id=4356\" target=\"_blank\" rel=\"noopener\"><em><span style=\"color: #165788;\">Convocatoria a Becas Preparatoria<\/span><\/em><\/a>.<\/p>\t\t\t\t\t\t\t\t<\/div>\n\t\t\t\t<\/div>\n\t\t\t\t<div class=\"elementor-element elementor-element-dfd3c36 elementor-widget elementor-widget-text-editor\" data-id=\"dfd3c36\" data-element_type=\"widget\" data-e-type=\"widget\" data-widget_type=\"text-editor.default\">\n\t\t\t\t<div class=\"elementor-widget-container\">\n\t\t\t\t\t\t\t\t\t<p style=\"text-align: center;\">Conoce m\u00e1s de la <a href=\"https:\/\/www.loyola.edu.mx\/?page_id=4376\" target=\"_blank\" rel=\"noopener\"><em><span style=\"color: #165788;\">Prepa Loyola<\/span><\/em><\/a>.<\/p>\t\t\t\t\t\t\t\t<\/div>\n\t\t\t\t<\/div>\n\t\t\t\t<\/div>\n\t\t\t\t\t<\/div>\n\t\t\t\t<\/div>\n\t\t<div class=\"elementor-element elementor-element-2bd267f e-flex e-con-boxed e-con e-parent\" data-id=\"2bd267f\" data-element_type=\"container\" data-e-type=\"container\">\n\t\t\t\t\t<div class=\"e-con-inner\">\n\t\t<div class=\"elementor-element elementor-element-f825417 e-con-full e-flex e-con e-child\" data-id=\"f825417\" data-element_type=\"container\" data-e-type=\"container\">\n\t\t\t\t<div class=\"elementor-element elementor-element-57a4110 elementor-widget elementor-widget-Icon_Box_v1_Widget\" data-id=\"57a4110\" data-element_type=\"widget\" data-e-type=\"widget\" data-widget_type=\"Icon_Box_v1_Widget.default\">\n\t\t\t\t<div class=\"elementor-widget-container\">\n\t\t\t\t\t        <div class=\"icon-box-v1-wrapper\">\r\n            <div class=\"container\">\r\n                <div class=\"row\">\r\n                                            <div class=\"col-xl-4 col-lg-4 col-md-6 col-12\">\r\n                            <div class=\"icon-box-v1-item\">\r\n                                                                    <div class=\"icon-box-v1-icon\">\r\n                                        <i aria-hidden=\"true\" class=\"fas fa-phone-alt\"><\/i>                                    <\/div>\r\n                                                                <div class=\"icon-box-v1-content\">\r\n                                                                            <h4 class=\"icon-box-v1-title\">Ll\u00e1manos<\/h4>\r\n                                                                                                                <div class=\"icon-box-v1-dec\"><p>744 446 5243 Ext. 1<\/p><\/div>\r\n                                                                    <\/div>\r\n                            <\/div>\r\n                        <\/div>\r\n                                            <div class=\"col-xl-4 col-lg-4 col-md-6 col-12\">\r\n                            <div class=\"icon-box-v1-item\">\r\n                                                                    <div class=\"icon-box-v1-icon\">\r\n                                        <i aria-hidden=\"true\" class=\"flaticon flaticon-email\"><\/i>                                    <\/div>\r\n                                                                <div class=\"icon-box-v1-content\">\r\n                                                                            <h4 class=\"icon-box-v1-title\">Email<\/h4>\r\n                                                                                                                <div class=\"icon-box-v1-dec\"><p><a href=\"mailto:admisiones@loyola.edu.mx\" target=\"_blank\" rel=\"noopener\">admisiones<\/a><a href=\"mailto:admisiones@loyola.edu.mx\" target=\"_blank\" rel=\"noopener\">@loyola.edu.mx<\/a><\/p><\/div>\r\n                                                                    <\/div>\r\n                            <\/div>\r\n                        <\/div>\r\n                                            <div class=\"col-xl-4 col-lg-4 col-md-6 col-12\">\r\n                            <div class=\"icon-box-v1-item\">\r\n                                                                    <div class=\"icon-box-v1-icon\">\r\n                                        <i aria-hidden=\"true\" class=\"flaticon flaticon-facebook-3\"><\/i>                                    <\/div>\r\n                                                                <div class=\"icon-box-v1-content\">\r\n                                                                            <h4 class=\"icon-box-v1-title\">Facebook<\/h4>\r\n                                                                                                                <div class=\"icon-box-v1-dec\"><p><a href=\"https:\/\/www.facebook.com\/LoyolaPrepa\" target=\"_blank\" rel=\"noopener\">Loyola Prepa<\/a><\/p><\/div>\r\n                                                                    <\/div>\r\n                            <\/div>\r\n                        <\/div>\r\n                                    <\/div>\r\n            <\/div>\r\n        <\/div>\r\n\t\t\t\t<\/div>\n\t\t\t\t<\/div>\n\t\t\t\t<\/div>\n\t\t\t\t\t<\/div>\n\t\t\t\t<\/div>\n\t\t\t\t<\/div>\n\t\t","protected":false},"excerpt":{"rendered":"<p>Conoce nuestro\u00a0proceso de admisi\u00f3n a la Prepa Loyola 1. Tr\u00e1mite de admisi\u00f3n Para ingreso a Preparatoria aplicamos un examen de admisi\u00f3n que consta de las siguientes pruebas: Prueba de Conocimientos, se aplica de manera presencial, y eval\u00faa las materias de: Primer semestre: espa\u00f1ol, matem\u00e1ticas y qu\u00edmica. Tercer semestre: espa\u00f1ol y matem\u00e1ticas. Prueba Psicom\u00e9trica y colocaci\u00f3n [&hellip;]<\/p>\n","protected":false},"author":1,"featured_media":0,"parent":0,"menu_order":0,"comment_status":"closed","ping_status":"closed","template":"template-home.php","meta":{"footnotes":"","_elementor_edit_mode":"builder","_elementor_template_type":"wp-page","_elementor_data":"[{\"id\":\"ed9cb34\",\"elType\":\"container\",\"settings\":{\"content_width\":\"full\",\"margin\":{\"unit\":\"px\",\"top\":\"-10\",\"right\":\"-10\",\"bottom\":\"-10\",\"left\":\"-10\",\"isLinked\":true},\"padding\":{\"unit\":\"px\",\"top\":\"0\",\"right\":\"0\",\"bottom\":\"0\",\"left\":\"0\",\"isLinked\":true}},\"elements\":[{\"id\":\"da65e2e\",\"elType\":\"widget\",\"settings\":{\"content_width\":\"full\",\"image\":{\"url\":\"https:\\\/\\\/www.loyola.edu.mx\\\/wp-content\\\/uploads\\\/2025\\\/01\\\/Banner-Admisiones-Prepa.jpg\",\"id\":7121,\"size\":\"\",\"alt\":\"\",\"source\":\"library\"},\"image_size\":\"full\"},\"elements\":[],\"widgetType\":\"image\"}],\"isInner\":false},{\"id\":\"3466dfd7\",\"elType\":\"container\",\"settings\":[],\"elements\":[{\"id\":\"c81c439\",\"elType\":\"container\",\"settings\":{\"content_width\":\"full\"},\"elements\":[{\"id\":\"9a78da0\",\"elType\":\"widget\",\"settings\":{\"stitle\":\"\",\"title\":\"<h3 class=\\\"block-title animated\\\">Conoce nuestro\\u00a0<em>proceso de admisi\\u00f3n a la Prepa Loyola<\\\/em><\\\/h3>\",\"description\":\"\"},\"elements\":[],\"widgetType\":\"edupls_title\"}],\"isInner\":true}],\"isInner\":false},{\"id\":\"5bf3c3b\",\"elType\":\"container\",\"settings\":[],\"elements\":[{\"id\":\"4b79299\",\"elType\":\"widget\",\"settings\":{\"content_width\":\"full\",\"tabs\":[{\"tab_title\":\"1. Tr\\u00e1mite de admisi\\u00f3n\",\"tab_content\":\"<p>Para ingreso a Preparatoria aplicamos un examen de admisi\\u00f3n que consta de las siguientes pruebas:<\\\/p><ul><li>Prueba de Conocimientos, se aplica de manera presencial, y eval\\u00faa las materias de:<\\\/li><li>Primer semestre: espa\\u00f1ol, matem\\u00e1ticas y qu\\u00edmica.<\\\/li><li>Tercer semestre: espa\\u00f1ol y matem\\u00e1ticas.<\\\/li><li>Prueba Psicom\\u00e9trica y colocaci\\u00f3n de ingl\\u00e9s, se aplica en l\\u00ednea.<\\\/li><\\\/ul><p>Consideraciones para el tr\\u00e1mite de ficha:<\\\/p><ul><li>Primer semestre: Contar con un promedio general m\\u00ednimo de 8.0 en la secundaria. Se considerar\\u00e1n las calificaciones obtenidas desde el primer a\\u00f1o de secundaria y hasta el periodo de evaluaci\\u00f3n m\\u00e1s reciente del tercer a\\u00f1o de secundaria.<\\\/li><li>Tercer semestre: Contar con un promedio general m\\u00ednimo de 8.0 en el primer a\\u00f1o de Preparatoria.<\\\/li><li>Para presentar el examen, la o el aspirante no deber\\u00e1 tener m\\u00e1s de dos materias reprobadas.<p>En los siguientes pasos descubre como registrarte para aplicar los ex\\u00e1menes.<\\\/p><\\\/li><\\\/ul>\",\"_id\":\"316f297\"},{\"tab_title\":\"2. Registro\",\"tab_content\":\"<p>Para realizar tu registro y aplicar el examen de ingreso, favor de consultar la informaci\\u00f3n en los siguientes enlaces, de acuerdo al semestre escolar al que se desee ingresar:<\\\/p><ul><li>Primer semestre\\u00a0<a href=\\\"https:\\\/\\\/app.getguru.com\\\/card\\\/TrLoGR9c\\\/ADM-Prepa-Primer-semestre-Proceso-de-Admisin-Trmite-de-Ficha-en-Lnea-\\\" target=\\\"_blank\\\" rel=\\\"noopener\\\"><strong>(Consulta aqu\\u00ed)<\\\/strong><\\\/a><\\\/li><li>Tercer semestre\\u00a0<a href=\\\"https:\\\/\\\/app.getguru.com\\\/card\\\/iK4pyg4T\\\/ADM-Prepa-Tercer-semestre-Proceso-de-Admisin-Trmite-de-Ficha-en-Lnea\\\" target=\\\"_blank\\\" rel=\\\"noopener\\\"><strong>(Consulta aqu\\u00ed)<\\\/strong><\\\/a><\\\/li><\\\/ul><p>Una vez que recibamos tus documentos te haremos llegar por correo electr\\u00f3nico el enlace para tu registro y opciones de fecha de examen.<\\\/p>\",\"_id\":\"5894384\"},{\"_id\":\"e63a77f\",\"tab_title\":\"3. Aplicaci\\u00f3n de examen de admisi\\u00f3n\",\"tab_content\":\"<p><span style=\\\"font-size: 18pt;\\\"><strong>Fechas de examen de admisi\\u00f3n para ingreso al ciclo escolar 2026-2027<\\\/strong><\\\/span><\\\/p><ul><li>5 y 6 de febrero<\\\/li><li>5 y 6 de marzo (beca m\\u00e9rito)<\\\/li><li>16 y 17 de abril<\\\/li><li>14 y 15 de mayo<\\\/li><\\\/ul>\"},{\"_id\":\"27cfd08\",\"tab_title\":\"4. Entrega de resultados y entrevista\",\"tab_content\":\"<p><strong>Entrega de resultados.<\\\/strong><\\\/p><ul><li>Los resultados se dar\\u00e1n a conocer aproximadamente 15 d\\u00edas despu\\u00e9s de la aplicaci\\u00f3n del examen. S\\u00e9 paciente.<\\\/li><li>La Coordinaci\\u00f3n de Admisiones se pondr\\u00e1 en contacto con las madres, padres y\\\/o tutores v\\u00eda telef\\u00f3nica, para informarles el dictamen de su examen.<\\\/li><li>La decisi\\u00f3n del Comit\\u00e9 de Admisi\\u00f3n ser\\u00e1 INAPELABLE.<\\\/li><\\\/ul><p>\\u00a0<strong>Entrevista de resultados.<\\\/strong><\\\/p><p>Una vez notificado el dictamen y en caso de ser favorable, se realizar\\u00e1 una entrevista con el objetivo de dar a conocer los resultados obtenidos en el examen de admisi\\u00f3n, y en su caso, informar las \\u00e1reas de oportunidad para regularizaci\\u00f3n.<\\\/p><ul><li>La Coordinaci\\u00f3n de Admisiones se comunicar\\u00e1 v\\u00eda telef\\u00f3nica con las madres, padres y\\\/o tutores de la o el aspirante y les asignar\\u00e1 la fecha y horario de la entrevista.<\\\/li><li>A la entrevista de resultados deber\\u00e1 asistir la o el aspirante en compa\\u00f1\\u00eda de su madre, padre o tutor\\\/a.<\\\/li><\\\/ul>\"},{\"_id\":\"d2315c0\",\"tab_title\":\"5. Proceso de inscripci\\u00f3n\",\"tab_content\":\"<p><strong>Requisitos:<\\\/strong><\\\/p><ul><li>Haber sido Admitido o Admitido condicionado en el examen de admisi\\u00f3n.<\\\/li><li>Haber atendido la entrevista de resultados as\\u00ed como firmar las cartas compromiso que determine la Coordinaci\\u00f3n Acad\\u00e9mica de Preparatoria.<\\\/li><\\\/ul><p><strong><em>*Al finalizar la entrevista de resultados, se le entregar\\u00e1 la referencia para el pago correspondiente de la inscripci\\u00f3n.<\\\/em><\\\/strong><\\\/p>\"}],\"selected_icon\":{\"value\":\"\",\"library\":\"\"},\"border_width\":{\"unit\":\"px\",\"size\":0,\"sizes\":[]},\"title_color\":\"#00338D\",\"tab_active_color\":\"#B1C800\",\"title_typography_typography\":\"custom\",\"title_typography_font_size\":{\"unit\":\"px\",\"size\":40,\"sizes\":[]},\"title_typography_font_weight\":\"600\",\"icon_space\":{\"unit\":\"px\",\"size\":0,\"sizes\":[]},\"_box_shadow_box_shadow_type\":\"yes\",\"_border_radius\":{\"unit\":\"px\",\"top\":\"20\",\"right\":\"20\",\"bottom\":\"20\",\"left\":\"20\",\"isLinked\":true}},\"elements\":[],\"widgetType\":\"accordion\"}],\"isInner\":false},{\"id\":\"9e04eb8\",\"elType\":\"container\",\"settings\":[],\"elements\":[{\"id\":\"dc26a77\",\"elType\":\"container\",\"settings\":{\"container_type\":\"grid\",\"grid_columns_grid\":{\"unit\":\"fr\",\"size\":\"2\"},\"grid_rows_grid\":{\"unit\":\"fr\",\"size\":\"1\"},\"grid_rows_grid_mobile\":{\"unit\":\"fr\",\"size\":\"1\"},\"content_width\":\"full\"},\"elements\":[{\"id\":\"b6cec8d\",\"elType\":\"widget\",\"settings\":{\"content_width\":\"full\",\"editor\":\"<p style=\\\"text-align: center;\\\">Revisa la <a href=\\\"https:\\\/\\\/www.loyola.edu.mx\\\/?page_id=4356\\\" target=\\\"_blank\\\" rel=\\\"noopener\\\"><em><span style=\\\"color: #165788;\\\">Convocatoria a Becas Preparatoria<\\\/span><\\\/em><\\\/a>.<\\\/p>\"},\"elements\":[],\"widgetType\":\"text-editor\"},{\"id\":\"dfd3c36\",\"elType\":\"widget\",\"settings\":{\"content_width\":\"full\",\"editor\":\"<p style=\\\"text-align: center;\\\">Conoce m\\u00e1s de la <a href=\\\"https:\\\/\\\/www.loyola.edu.mx\\\/?page_id=4376\\\" target=\\\"_blank\\\" rel=\\\"noopener\\\"><em><span style=\\\"color: #165788;\\\">Prepa Loyola<\\\/span><\\\/em><\\\/a>.<\\\/p>\"},\"elements\":[],\"widgetType\":\"text-editor\"}],\"isInner\":true}],\"isInner\":false},{\"id\":\"2bd267f\",\"elType\":\"container\",\"settings\":[],\"elements\":[{\"id\":\"f825417\",\"elType\":\"container\",\"settings\":{\"content_width\":\"full\"},\"elements\":[{\"id\":\"57a4110\",\"elType\":\"widget\",\"settings\":{\"content_width\":\"full\",\"list\":[{\"label\":\"Ll\\u00e1manos\",\"dec\":\"<p>744 446 5243 Ext. 1<\\\/p>\",\"icon\":{\"value\":\"fas fa-phone-alt\",\"library\":\"fa-regular\"},\"_id\":\"b9a9fd0\"},{\"label\":\"Email\",\"dec\":\"<p><a href=\\\"mailto:admisiones@loyola.edu.mx\\\" target=\\\"_blank\\\" rel=\\\"noopener\\\">admisiones<\\\/a><a href=\\\"mailto:admisiones@loyola.edu.mx\\\" target=\\\"_blank\\\" rel=\\\"noopener\\\">@loyola.edu.mx<\\\/a><\\\/p>\",\"icon\":{\"value\":\"flaticon flaticon-email\",\"library\":\"eduplscore-flaticon\"},\"_id\":\"21dc3e5\"},{\"label\":\"Facebook\",\"dec\":\"<p><a href=\\\"https:\\\/\\\/www.facebook.com\\\/LoyolaPrepa\\\" target=\\\"_blank\\\" rel=\\\"noopener\\\">Loyola Prepa<\\\/a><\\\/p>\",\"icon\":{\"value\":\"flaticon flaticon-facebook-3\",\"library\":\"eduplscore-flaticon\"},\"_id\":\"ffb8a8c\"}]},\"elements\":[],\"widgetType\":\"Icon_Box_v1_Widget\"}],\"isInner\":true}],\"isInner\":false}]","_elementor_page_settings":null},"class_list":["post-4347","page","type-page","status-publish","hentry"],"_links":{"self":[{"href":"https:\/\/www.loyola.edu.mx\/index.php?rest_route=\/wp\/v2\/pages\/4347","targetHints":{"allow":["GET"]}}],"collection":[{"href":"https:\/\/www.loyola.edu.mx\/index.php?rest_route=\/wp\/v2\/pages"}],"about":[{"href":"https:\/\/www.loyola.edu.mx\/index.php?rest_route=\/wp\/v2\/types\/page"}],"author":[{"embeddable":true,"href":"https:\/\/www.loyola.edu.mx\/index.php?rest_route=\/wp\/v2\/users\/1"}],"replies":[{"embeddable":true,"href":"https:\/\/www.loyola.edu.mx\/index.php?rest_route=%2Fwp%2Fv2%2Fcomments&post=4347"}],"version-history":[{"count":254,"href":"https:\/\/www.loyola.edu.mx\/index.php?rest_route=\/wp\/v2\/pages\/4347\/revisions"}],"predecessor-version":[{"id":10127,"href":"https:\/\/www.loyola.edu.mx\/index.php?rest_route=\/wp\/v2\/pages\/4347\/revisions\/10127"}],"wp:attachment":[{"href":"https:\/\/www.loyola.edu.mx\/index.php?rest_route=%2Fwp%2Fv2%2Fmedia&parent=4347"}],"curies":[{"name":"wp","href":"https:\/\/api.w.org\/{rel}","templated":true}]}}