{"id":7362,"date":"2025-02-06T20:04:25","date_gmt":"2025-02-06T20:04:25","guid":{"rendered":"https:\/\/www.loyola.edu.mx\/?page_id=7362"},"modified":"2025-07-17T21:15:22","modified_gmt":"2025-07-17T21:15:22","slug":"trabaja-con-nosotros","status":"publish","type":"page","link":"https:\/\/www.loyola.edu.mx\/?page_id=7362","title":{"rendered":"Trabaja con nosotros"},"content":{"rendered":"\t\t<div data-elementor-type=\"wp-page\" data-elementor-id=\"7362\" class=\"elementor elementor-7362\">\n\t\t\t\t<div class=\"elementor-element elementor-element-9f5765e e-grid e-con-boxed e-con e-parent\" data-id=\"9f5765e\" data-element_type=\"container\" data-e-type=\"container\">\n\t\t\t\t\t<div class=\"e-con-inner\">\n\t\t\t\t<div class=\"elementor-element elementor-element-2e9ef1a elementor-widget elementor-widget-text-editor\" data-id=\"2e9ef1a\" data-element_type=\"widget\" data-e-type=\"widget\" data-widget_type=\"text-editor.default\">\n\t\t\t\t<div class=\"elementor-widget-container\">\n\t\t\t\t\t\t\t\t\t<p><span style=\"color: #165788;\"><b>\u00bfTe interesa trabajar en la Loyola?<\/b><\/span><\/p><p>Te compartimos las ofertas de empleo que ofrece el Sistema Educativo Loyola del Pac\u00edfico. Es importante enviar tu CV al correo <span style=\"color: #165788;\">recursos.humanos@loyola.edu.mx<\/span> y\/o al se\u00f1alado en la convocatoria de la vacante.<\/p><p>Los datos que nos proporcionan est\u00e1n protegidos por nuestro <strong><span style=\"color: #165788;\"><a style=\"color: #165788;\" href=\"https:\/\/app.getguru.com\/card\/cgLKBzKi\/COM-INST-Aviso-de-Privacidad-Universidad-Loyola-del-Pacfico\" target=\"_blank\" rel=\"noopener\">Aviso de Privacidad<\/a><\/span><\/strong> siendo de uso exclusivo de la instituci\u00f3n.<\/p>\t\t\t\t\t\t\t\t<\/div>\n\t\t\t\t<\/div>\n\t\t\t\t\t<\/div>\n\t\t\t\t<\/div>\n\t\t<div class=\"elementor-element elementor-element-c284582 e-grid e-con-boxed e-con e-parent\" data-id=\"c284582\" data-element_type=\"container\" data-e-type=\"container\">\n\t\t\t\t\t<div class=\"e-con-inner\">\n\t\t\t\t<div class=\"elementor-element elementor-element-8c7143e elementor-widget-divider--view-line elementor-widget elementor-widget-divider\" data-id=\"8c7143e\" data-element_type=\"widget\" data-e-type=\"widget\" data-widget_type=\"divider.default\">\n\t\t\t\t<div class=\"elementor-widget-container\">\n\t\t\t\t\t\t\t<div class=\"elementor-divider\">\n\t\t\t<span class=\"elementor-divider-separator\">\n\t\t\t\t\t\t<\/span>\n\t\t<\/div>\n\t\t\t\t\t\t<\/div>\n\t\t\t\t<\/div>\n\t\t\t\t\t<\/div>\n\t\t\t\t<\/div>\n\t\t<div class=\"elementor-element elementor-element-0c6badb e-grid e-con-boxed e-con e-parent\" data-id=\"0c6badb\" data-element_type=\"container\" data-e-type=\"container\">\n\t\t\t\t\t<div class=\"e-con-inner\">\n\t\t\t\t<div class=\"elementor-element elementor-element-a27d2b6 elementor-widget elementor-widget-text-editor\" data-id=\"a27d2b6\" data-element_type=\"widget\" data-e-type=\"widget\" data-widget_type=\"text-editor.default\">\n\t\t\t\t<div class=\"elementor-widget-container\">\n\t\t\t\t\t\t\t\t\t<h3><span style=\"color: #00338d;\">Vacantes Administrativas<\/span><\/h3><p>Por el momento no hay vacantes administrativas disponibles.<\/p>\t\t\t\t\t\t\t\t<\/div>\n\t\t\t\t<\/div>\n\t\t\t\t\t<\/div>\n\t\t\t\t<\/div>\n\t\t<div class=\"elementor-element elementor-element-e15e7c9 e-grid e-con-boxed e-con e-parent\" data-id=\"e15e7c9\" data-element_type=\"container\" data-e-type=\"container\">\n\t\t\t\t\t<div class=\"e-con-inner\">\n\t\t\t\t<div class=\"elementor-element elementor-element-65ea60d elementor-widget-divider--view-line elementor-widget elementor-widget-divider\" data-id=\"65ea60d\" data-element_type=\"widget\" data-e-type=\"widget\" data-widget_type=\"divider.default\">\n\t\t\t\t<div class=\"elementor-widget-container\">\n\t\t\t\t\t\t\t<div class=\"elementor-divider\">\n\t\t\t<span class=\"elementor-divider-separator\">\n\t\t\t\t\t\t<\/span>\n\t\t<\/div>\n\t\t\t\t\t\t<\/div>\n\t\t\t\t<\/div>\n\t\t\t\t\t<\/div>\n\t\t\t\t<\/div>\n\t\t<div class=\"elementor-element elementor-element-3d9cc49 e-grid e-con-boxed e-con e-parent\" data-id=\"3d9cc49\" data-element_type=\"container\" data-e-type=\"container\">\n\t\t\t\t\t<div class=\"e-con-inner\">\n\t\t\t\t<div class=\"elementor-element elementor-element-4dbe07d elementor-widget elementor-widget-text-editor\" data-id=\"4dbe07d\" data-element_type=\"widget\" data-e-type=\"widget\" data-widget_type=\"text-editor.default\">\n\t\t\t\t<div class=\"elementor-widget-container\">\n\t\t\t\t\t\t\t\t\t<h3><span style=\"color: #00338d;\">Vacantes Acad\u00e9micas<\/span><\/h3><p>Vacante disponible para docente a nivel licenciatura. Asignaturas disponiles:<\/p><ul><li>Sociolog\u00eda.<\/li><li>Psicolog\u00eda,<\/li><li>Dise\u00f1o B\u00e1sico.<\/li><\/ul>\t\t\t\t\t\t\t\t<\/div>\n\t\t\t\t<\/div>\n\t\t\t\t<div class=\"elementor-element elementor-element-e0589f2 elementor-widget elementor-widget-image\" data-id=\"e0589f2\" data-element_type=\"widget\" data-e-type=\"widget\" data-widget_type=\"image.default\">\n\t\t\t\t<div class=\"elementor-widget-container\">\n\t\t\t\t\t\t\t\t\t\t\t\t\t\t\t<img fetchpriority=\"high\" decoding=\"async\" width=\"771\" height=\"1024\" src=\"https:\/\/www.loyola.edu.mx\/wp-content\/uploads\/2025\/07\/Plantilla-Vacantes-SELP-Docente-licenciatura-771x1024.jpg\" class=\"attachment-large size-large wp-image-9155\" alt=\"\" srcset=\"https:\/\/www.loyola.edu.mx\/wp-content\/uploads\/2025\/07\/Plantilla-Vacantes-SELP-Docente-licenciatura-771x1024.jpg 771w, https:\/\/www.loyola.edu.mx\/wp-content\/uploads\/2025\/07\/Plantilla-Vacantes-SELP-Docente-licenciatura-226x300.jpg 226w, https:\/\/www.loyola.edu.mx\/wp-content\/uploads\/2025\/07\/Plantilla-Vacantes-SELP-Docente-licenciatura-768x1020.jpg 768w, https:\/\/www.loyola.edu.mx\/wp-content\/uploads\/2025\/07\/Plantilla-Vacantes-SELP-Docente-licenciatura-1156x1536.jpg 1156w, https:\/\/www.loyola.edu.mx\/wp-content\/uploads\/2025\/07\/Plantilla-Vacantes-SELP-Docente-licenciatura-1542x2048.jpg 1542w, https:\/\/www.loyola.edu.mx\/wp-content\/uploads\/2025\/07\/Plantilla-Vacantes-SELP-Docente-licenciatura.jpg 1882w\" sizes=\"(max-width: 771px) 100vw, 771px\" \/>\t\t\t\t\t\t\t\t\t\t\t\t\t\t\t<\/div>\n\t\t\t\t<\/div>\n\t\t\t\t<div class=\"elementor-element elementor-element-898b46b elementor-widget elementor-widget-text-editor\" data-id=\"898b46b\" data-element_type=\"widget\" data-e-type=\"widget\" data-widget_type=\"text-editor.default\">\n\t\t\t\t<div class=\"elementor-widget-container\">\n\t\t\t\t\t\t\t\t\t<h3><span style=\"color: #00338d;\">Vacantes Acad\u00e9micas<\/span><\/h3><p>Vacante disponible para docente a nivel Secundaria. Asignaturas disponiles:<\/p><ul><li>F\u00edsica.<\/li><li>Qu\u00edmica.<\/li><li>Formaci\u00f3n C\u00edvica y \u00c9tica.<\/li><li>Geograf\u00eda.<\/li><\/ul>\t\t\t\t\t\t\t\t<\/div>\n\t\t\t\t<\/div>\n\t\t\t\t<div class=\"elementor-element elementor-element-bea7f9a elementor-widget elementor-widget-image\" data-id=\"bea7f9a\" data-element_type=\"widget\" data-e-type=\"widget\" data-widget_type=\"image.default\">\n\t\t\t\t<div class=\"elementor-widget-container\">\n\t\t\t\t\t\t\t\t\t\t\t\t\t\t\t<img decoding=\"async\" width=\"771\" height=\"1024\" src=\"https:\/\/www.loyola.edu.mx\/wp-content\/uploads\/2025\/07\/Vacante-docente-Secu-1-771x1024.jpg\" class=\"attachment-large size-large wp-image-9230\" alt=\"\" srcset=\"https:\/\/www.loyola.edu.mx\/wp-content\/uploads\/2025\/07\/Vacante-docente-Secu-1-771x1024.jpg 771w, https:\/\/www.loyola.edu.mx\/wp-content\/uploads\/2025\/07\/Vacante-docente-Secu-1-226x300.jpg 226w, https:\/\/www.loyola.edu.mx\/wp-content\/uploads\/2025\/07\/Vacante-docente-Secu-1-768x1020.jpg 768w, https:\/\/www.loyola.edu.mx\/wp-content\/uploads\/2025\/07\/Vacante-docente-Secu-1-1156x1536.jpg 1156w, https:\/\/www.loyola.edu.mx\/wp-content\/uploads\/2025\/07\/Vacante-docente-Secu-1-1542x2048.jpg 1542w, https:\/\/www.loyola.edu.mx\/wp-content\/uploads\/2025\/07\/Vacante-docente-Secu-1.jpg 1882w\" sizes=\"(max-width: 771px) 100vw, 771px\" \/>\t\t\t\t\t\t\t\t\t\t\t\t\t\t\t<\/div>\n\t\t\t\t<\/div>\n\t\t\t\t\t<\/div>\n\t\t\t\t<\/div>\n\t\t\t\t<\/div>\n\t\t","protected":false},"excerpt":{"rendered":"<p>\u00bfTe interesa trabajar en la Loyola? Te compartimos las ofertas de empleo que ofrece el Sistema Educativo Loyola del Pac\u00edfico. Es importante enviar tu CV al correo recursos.humanos@loyola.edu.mx y\/o al se\u00f1alado en la convocatoria de la vacante. Los datos que nos proporcionan est\u00e1n protegidos por nuestro Aviso de Privacidad siendo de uso exclusivo de la [&hellip;]<\/p>\n","protected":false},"author":11,"featured_media":0,"parent":0,"menu_order":0,"comment_status":"closed","ping_status":"closed","template":"template-home.php","meta":{"footnotes":"","_elementor_edit_mode":"builder","_elementor_template_type":"wp-page","_elementor_data":"[{\"id\":\"9f5765e\",\"elType\":\"container\",\"settings\":{\"container_type\":\"grid\",\"grid_columns_grid\":{\"unit\":\"fr\",\"size\":1},\"grid_rows_grid\":{\"unit\":\"fr\",\"size\":\"1\"},\"grid_rows_grid_mobile\":{\"unit\":\"fr\",\"size\":\"1\"}},\"elements\":[{\"id\":\"2e9ef1a\",\"elType\":\"widget\",\"settings\":{\"content_width\":\"full\",\"editor\":\"<p><span style=\\\"color: #165788;\\\"><b>\\u00bfTe interesa trabajar en la Loyola?<\\\/b><\\\/span><\\\/p><p>Te compartimos las ofertas de empleo que ofrece el Sistema Educativo Loyola del Pac\\u00edfico. Es importante enviar tu CV al correo <span style=\\\"color: #165788;\\\">recursos.humanos@loyola.edu.mx<\\\/span> y\\\/o al se\\u00f1alado en la convocatoria de la vacante.<\\\/p><p>Los datos que nos proporcionan est\\u00e1n protegidos por nuestro <strong><span style=\\\"color: #165788;\\\"><a style=\\\"color: #165788;\\\" href=\\\"https:\\\/\\\/app.getguru.com\\\/card\\\/cgLKBzKi\\\/COM-INST-Aviso-de-Privacidad-Universidad-Loyola-del-Pacfico\\\" target=\\\"_blank\\\" rel=\\\"noopener\\\">Aviso de Privacidad<\\\/a><\\\/span><\\\/strong> siendo de uso exclusivo de la instituci\\u00f3n.<\\\/p>\"},\"elements\":[],\"widgetType\":\"text-editor\"}],\"isInner\":false},{\"id\":\"c284582\",\"elType\":\"container\",\"settings\":{\"container_type\":\"grid\",\"grid_columns_grid\":{\"unit\":\"fr\",\"size\":1},\"grid_rows_grid\":{\"unit\":\"fr\",\"size\":\"1\"},\"grid_rows_grid_mobile\":{\"unit\":\"fr\",\"size\":\"1\"}},\"elements\":[{\"id\":\"8c7143e\",\"elType\":\"widget\",\"settings\":{\"content_width\":\"full\",\"text\":\"Separador\"},\"elements\":[],\"widgetType\":\"divider\"}],\"isInner\":false},{\"id\":\"0c6badb\",\"elType\":\"container\",\"settings\":{\"container_type\":\"grid\",\"grid_columns_grid\":{\"unit\":\"fr\",\"size\":2,\"sizes\":[]},\"grid_rows_grid\":{\"unit\":\"fr\",\"size\":1,\"sizes\":[]},\"presetTitle\":\"Grid\",\"presetIcon\":\"eicon-container-grid\"},\"elements\":[{\"id\":\"a27d2b6\",\"elType\":\"widget\",\"settings\":{\"content_width\":\"full\",\"editor\":\"<h3><span style=\\\"color: #00338d;\\\">Vacantes Administrativas<\\\/span><\\\/h3><p>Por el momento no hay vacantes administrativas disponibles.<\\\/p>\"},\"elements\":[],\"widgetType\":\"text-editor\"}],\"isInner\":false},{\"id\":\"e15e7c9\",\"elType\":\"container\",\"settings\":{\"container_type\":\"grid\",\"grid_columns_grid\":{\"unit\":\"fr\",\"size\":1},\"grid_rows_grid\":{\"unit\":\"fr\",\"size\":\"1\"},\"grid_rows_grid_mobile\":{\"unit\":\"fr\",\"size\":\"1\"}},\"elements\":[{\"id\":\"65ea60d\",\"elType\":\"widget\",\"settings\":{\"content_width\":\"full\",\"text\":\"Separador\"},\"elements\":[],\"widgetType\":\"divider\"}],\"isInner\":false},{\"id\":\"3d9cc49\",\"elType\":\"container\",\"settings\":{\"container_type\":\"grid\",\"grid_columns_grid\":{\"unit\":\"fr\",\"size\":2,\"sizes\":[]},\"grid_rows_grid\":{\"unit\":\"fr\",\"size\":1,\"sizes\":[]},\"presetTitle\":\"Grid\",\"presetIcon\":\"eicon-container-grid\"},\"elements\":[{\"id\":\"4dbe07d\",\"elType\":\"widget\",\"settings\":{\"content_width\":\"full\",\"editor\":\"<h3><span style=\\\"color: #00338d;\\\">Vacantes Acad\\u00e9micas<\\\/span><\\\/h3><p>Vacante disponible para docente a nivel licenciatura. Asignaturas disponiles:<\\\/p><ul><li>Sociolog\\u00eda.<\\\/li><li>Psicolog\\u00eda,<\\\/li><li>Dise\\u00f1o B\\u00e1sico.<\\\/li><\\\/ul>\"},\"elements\":[],\"widgetType\":\"text-editor\"},{\"id\":\"e0589f2\",\"elType\":\"widget\",\"settings\":{\"content_width\":\"full\",\"image\":{\"url\":\"https:\\\/\\\/www.loyola.edu.mx\\\/wp-content\\\/uploads\\\/2025\\\/07\\\/Plantilla-Vacantes-SELP-Docente-licenciatura.jpg\",\"id\":9155,\"size\":\"\",\"alt\":\"\",\"source\":\"library\"}},\"elements\":[],\"widgetType\":\"image\"},{\"id\":\"898b46b\",\"elType\":\"widget\",\"settings\":{\"content_width\":\"full\",\"editor\":\"<h3><span style=\\\"color: #00338d;\\\">Vacantes Acad\\u00e9micas<\\\/span><\\\/h3><p>Vacante disponible para docente a nivel Secundaria. Asignaturas disponiles:<\\\/p><ul><li>F\\u00edsica.<\\\/li><li>Qu\\u00edmica.<\\\/li><li>Formaci\\u00f3n C\\u00edvica y \\u00c9tica.<\\\/li><li>Geograf\\u00eda.<\\\/li><\\\/ul>\"},\"elements\":[],\"widgetType\":\"text-editor\"},{\"id\":\"bea7f9a\",\"elType\":\"widget\",\"settings\":{\"content_width\":\"full\",\"image\":{\"url\":\"https:\\\/\\\/www.loyola.edu.mx\\\/wp-content\\\/uploads\\\/2025\\\/07\\\/Vacante-docente-Secu-1.jpg\",\"id\":9230,\"size\":\"\",\"alt\":\"\",\"source\":\"library\"}},\"elements\":[],\"widgetType\":\"image\"}],\"isInner\":false}]","_elementor_page_settings":null},"class_list":["post-7362","page","type-page","status-publish","hentry"],"_links":{"self":[{"href":"https:\/\/www.loyola.edu.mx\/index.php?rest_route=\/wp\/v2\/pages\/7362","targetHints":{"allow":["GET"]}}],"collection":[{"href":"https:\/\/www.loyola.edu.mx\/index.php?rest_route=\/wp\/v2\/pages"}],"about":[{"href":"https:\/\/www.loyola.edu.mx\/index.php?rest_route=\/wp\/v2\/types\/page"}],"author":[{"embeddable":true,"href":"https:\/\/www.loyola.edu.mx\/index.php?rest_route=\/wp\/v2\/users\/11"}],"replies":[{"embeddable":true,"href":"https:\/\/www.loyola.edu.mx\/index.php?rest_route=%2Fwp%2Fv2%2Fcomments&post=7362"}],"version-history":[{"count":46,"href":"https:\/\/www.loyola.edu.mx\/index.php?rest_route=\/wp\/v2\/pages\/7362\/revisions"}],"predecessor-version":[{"id":9236,"href":"https:\/\/www.loyola.edu.mx\/index.php?rest_route=\/wp\/v2\/pages\/7362\/revisions\/9236"}],"wp:attachment":[{"href":"https:\/\/www.loyola.edu.mx\/index.php?rest_route=%2Fwp%2Fv2%2Fmedia&parent=7362"}],"curies":[{"name":"wp","href":"https:\/\/api.w.org\/{rel}","templated":true}]}}